{"id":8318,"date":"2025-11-25T12:31:54","date_gmt":"2025-11-25T12:31:54","guid":{"rendered":"https:\/\/thefirma.fi\/?page_id=8318"},"modified":"2026-04-25T13:39:00","modified_gmt":"2026-04-25T13:39:00","slug":"evastekaytanto","status":"publish","type":"page","link":"https:\/\/thefirma.fi\/?page_id=8318&lang=fi","title":{"rendered":"Ev\u00e4stek\u00e4yt\u00e4nt\u00f6"},"content":{"rendered":"\t\t<div data-elementor-type=\"wp-page\" data-elementor-id=\"8318\" class=\"elementor elementor-8318\" data-elementor-post-type=\"page\">\n\t\t\t\t<div class=\"elementor-element elementor-element-50171243 e-flex e-con-boxed e-con e-parent\" data-id=\"50171243\" data-element_type=\"container\" data-e-type=\"container\">\n\t\t\t\t\t<div class=\"e-con-inner\">\n\t\t\t\t<div class=\"elementor-element elementor-element-28b6fb84 elementor-widget elementor-widget-heading\" data-id=\"28b6fb84\" data-element_type=\"widget\" data-e-type=\"widget\" data-widget_type=\"heading.default\">\n\t\t\t\t<div class=\"elementor-widget-container\">\n\t\t\t\t\t<h1 class=\"elementor-heading-title elementor-size-default\">Ev\u00e4stek\u00e4yt\u00e4nt\u00f6 <\/h1>\t\t\t\t<\/div>\n\t\t\t\t<\/div>\n\t\t\t\t<div class=\"elementor-element elementor-element-1e4adb2e elementor-widget elementor-widget-text-editor\" data-id=\"1e4adb2e\" data-element_type=\"widget\" data-e-type=\"widget\" data-widget_type=\"text-editor.default\">\n\t\t\t\t<div class=\"elementor-widget-container\">\n\t\t\t\t\t\t\t\t\t<p>P\u00e4ivitetty 24.11.2025.<\/p><p>T\u00e4m\u00e4 ev\u00e4stek\u00e4yt\u00e4nt\u00f6 kuvaa, mit\u00e4 ev\u00e4steit\u00e4 sivustolla k\u00e4ytet\u00e4\u00e4n, mihin tarkoituksiin ja miten k\u00e4ytt\u00e4j\u00e4 voi hallita niit\u00e4.<\/p>\t\t\t\t\t\t\t\t<\/div>\n\t\t\t\t<\/div>\n\t\t\t\t<div class=\"elementor-element elementor-element-53c1f55c elementor-widget elementor-widget-heading\" data-id=\"53c1f55c\" data-element_type=\"widget\" data-e-type=\"widget\" data-widget_type=\"heading.default\">\n\t\t\t\t<div class=\"elementor-widget-container\">\n\t\t\t\t\t<h2 class=\"elementor-heading-title elementor-size-default\">Mit\u00e4 ev\u00e4steet ovat?<\/h2>\t\t\t\t<\/div>\n\t\t\t\t<\/div>\n\t\t\t\t<div class=\"elementor-element elementor-element-1f3e2fdf elementor-widget elementor-widget-text-editor\" data-id=\"1f3e2fdf\" data-element_type=\"widget\" data-e-type=\"widget\" data-widget_type=\"text-editor.default\">\n\t\t\t\t<div class=\"elementor-widget-container\">\n\t\t\t\t\t\t\t\t\t<p>Ev\u00e4ste on pieni tekstitiedosto, joka tallennetaan k\u00e4ytt\u00e4j\u00e4n laitteelle. Ev\u00e4steiden avulla sivusto pystyy toimimaan oikein, muistamaan asetuksia ja parantamaan k\u00e4ytt\u00f6kokemusta.<\/p>\t\t\t\t\t\t\t\t<\/div>\n\t\t\t\t<\/div>\n\t\t\t\t<div class=\"elementor-element elementor-element-20c07110 elementor-widget elementor-widget-heading\" data-id=\"20c07110\" data-element_type=\"widget\" data-e-type=\"widget\" data-widget_type=\"heading.default\">\n\t\t\t\t<div class=\"elementor-widget-container\">\n\t\t\t\t\t<h2 class=\"elementor-heading-title elementor-size-default\">Mihin tarkoituksiin sivusto k\u00e4ytt\u00e4\u00e4 ev\u00e4steit\u00e4?<\/h2>\t\t\t\t<\/div>\n\t\t\t\t<\/div>\n\t\t\t\t<div class=\"elementor-element elementor-element-6fb45541 elementor-widget elementor-widget-text-editor\" data-id=\"6fb45541\" data-element_type=\"widget\" data-e-type=\"widget\" data-widget_type=\"text-editor.default\">\n\t\t\t\t<div class=\"elementor-widget-container\">\n\t\t\t\t\t\t\t\t\t<p>Sivusto ei k\u00e4yt\u00e4 omia ev\u00e4steit\u00e4. Sivustolla ei ole analytiikka- tai markkinointiev\u00e4steit\u00e4.<\/p>\t\t\t\t\t\t\t\t<\/div>\n\t\t\t\t<\/div>\n\t\t\t\t<div class=\"elementor-element elementor-element-11de809b elementor-widget elementor-widget-heading\" data-id=\"11de809b\" data-element_type=\"widget\" data-e-type=\"widget\" data-widget_type=\"heading.default\">\n\t\t\t\t<div class=\"elementor-widget-container\">\n\t\t\t\t\t<h2 class=\"elementor-heading-title elementor-size-default\">Kolmansien osapuolten ev\u00e4steet<\/h2>\t\t\t\t<\/div>\n\t\t\t\t<\/div>\n\t\t\t\t<div class=\"elementor-element elementor-element-6b8c7ae elementor-widget elementor-widget-text-editor\" data-id=\"6b8c7ae\" data-element_type=\"widget\" data-e-type=\"widget\" data-widget_type=\"text-editor.default\">\n\t\t\t\t<div class=\"elementor-widget-container\">\n\t\t\t\t\t\t\t\t\t<p>Sivustolla on k\u00e4yt\u00f6ss\u00e4 upotettu Google Maps -kartta. Upotus voi siirt\u00e4\u00e4 k\u00e4ytt\u00e4j\u00e4n IP-osoitteen Googlelle ja Google voi asettaa omia ev\u00e4steit\u00e4\u00e4n palvelun toimittamiseksi. Ev\u00e4steiden tekniset tiedot ja voimassaoloajat m\u00e4\u00e4r\u00e4ytyv\u00e4t Googlen omien k\u00e4yt\u00e4nt\u00f6jen mukaan.<\/p>\t\t\t\t\t\t\t\t<\/div>\n\t\t\t\t<\/div>\n\t\t\t\t<div class=\"elementor-element elementor-element-754ddba4 elementor-widget elementor-widget-heading\" data-id=\"754ddba4\" data-element_type=\"widget\" data-e-type=\"widget\" data-widget_type=\"heading.default\">\n\t\t\t\t<div class=\"elementor-widget-container\">\n\t\t\t\t\t<h2 class=\"elementor-heading-title elementor-size-default\">Ev\u00e4steiden hallinta<\/h2>\t\t\t\t<\/div>\n\t\t\t\t<\/div>\n\t\t\t\t<div class=\"elementor-element elementor-element-51dfd3a4 elementor-widget elementor-widget-text-editor\" data-id=\"51dfd3a4\" data-element_type=\"widget\" data-e-type=\"widget\" data-widget_type=\"text-editor.default\">\n\t\t\t\t<div class=\"elementor-widget-container\">\n\t\t\t\t\t\t\t\t\t<p>K\u00e4ytt\u00e4j\u00e4 voi hallita ja poistaa ev\u00e4steit\u00e4 selaimen asetuksista. Jos sivustolla otetaan k\u00e4ytt\u00f6\u00f6n analytiikka- tai markkinointiev\u00e4steit\u00e4, k\u00e4ytt\u00e4j\u00e4lt\u00e4 pyydet\u00e4\u00e4n niihin suostumus ev\u00e4stebannerin kautta.<\/p>\t\t\t\t\t\t\t\t<\/div>\n\t\t\t\t<\/div>\n\t\t\t\t<div class=\"elementor-element elementor-element-5dc3ca60 elementor-widget elementor-widget-heading\" data-id=\"5dc3ca60\" data-element_type=\"widget\" data-e-type=\"widget\" data-widget_type=\"heading.default\">\n\t\t\t\t<div class=\"elementor-widget-container\">\n\t\t\t\t\t<h2 class=\"elementor-heading-title elementor-size-default\">Ev\u00e4steiden voimassaoloaika<\/h2>\t\t\t\t<\/div>\n\t\t\t\t<\/div>\n\t\t\t\t<div class=\"elementor-element elementor-element-250a6da4 elementor-widget elementor-widget-text-editor\" data-id=\"250a6da4\" data-element_type=\"widget\" data-e-type=\"widget\" data-widget_type=\"text-editor.default\">\n\t\t\t\t<div class=\"elementor-widget-container\">\n\t\t\t\t\t\t\t\t\t<p>Sivusto ei aseta omia ev\u00e4steit\u00e4. Mahdolliset Google Maps -upotuksen ev\u00e4steet m\u00e4\u00e4r\u00e4ytyv\u00e4t Googlen omien k\u00e4yt\u00e4nt\u00f6jen mukaan.<\/p>\t\t\t\t\t\t\t\t<\/div>\n\t\t\t\t<\/div>\n\t\t\t\t<div class=\"elementor-element elementor-element-759f75b0 elementor-widget elementor-widget-heading\" data-id=\"759f75b0\" data-element_type=\"widget\" data-e-type=\"widget\" data-widget_type=\"heading.default\">\n\t\t\t\t<div class=\"elementor-widget-container\">\n\t\t\t\t\t<h2 class=\"elementor-heading-title elementor-size-default\">Muutoksia ev\u00e4stek\u00e4yt\u00e4nt\u00f6\u00f6n<\/h2>\t\t\t\t<\/div>\n\t\t\t\t<\/div>\n\t\t\t\t<div class=\"elementor-element elementor-element-54e0bf5e elementor-widget elementor-widget-text-editor\" data-id=\"54e0bf5e\" data-element_type=\"widget\" data-e-type=\"widget\" data-widget_type=\"text-editor.default\">\n\t\t\t\t<div class=\"elementor-widget-container\">\n\t\t\t\t\t\t\t\t\t<p>Asiakasyritys voi muuttaa k\u00e4yt\u00e4nt\u00f6\u00e4 tarpeen mukaan.<\/p>\t\t\t\t\t\t\t\t<\/div>\n\t\t\t\t<\/div>\n\t\t\t\t<div class=\"elementor-element elementor-element-32e1fc8c elementor-widget elementor-widget-heading\" data-id=\"32e1fc8c\" data-element_type=\"widget\" data-e-type=\"widget\" data-widget_type=\"heading.default\">\n\t\t\t\t<div class=\"elementor-widget-container\">\n\t\t\t\t\t<h2 class=\"elementor-heading-title elementor-size-default\">Yhteystiedot<\/h2>\t\t\t\t<\/div>\n\t\t\t\t<\/div>\n\t\t\t\t<div class=\"elementor-element elementor-element-5cd53fe6 elementor-widget elementor-widget-text-editor\" data-id=\"5cd53fe6\" data-element_type=\"widget\" data-e-type=\"widget\" data-widget_type=\"text-editor.default\">\n\t\t\t\t<div class=\"elementor-widget-container\">\n\t\t\t\t\t\t\t\t\t<p>thefirma@edu.turkuamk.fi<\/p><p>theFIRMA<\/p>\t\t\t\t\t\t\t\t<\/div>\n\t\t\t\t<\/div>\n\t\t\t\t\t<\/div>\n\t\t\t\t<\/div>\n\t\t\t\t<\/div>\n\t\t","protected":false},"excerpt":{"rendered":"<p>Ev\u00e4stek\u00e4yt\u00e4nt\u00f6 P\u00e4ivitetty 24.11.2025. T\u00e4m\u00e4 ev\u00e4stek\u00e4yt\u00e4nt\u00f6 kuvaa, mit\u00e4 ev\u00e4steit\u00e4 sivustolla k\u00e4ytet\u00e4\u00e4n, mihin tarkoituksiin ja miten k\u00e4ytt\u00e4j\u00e4 voi hallita niit\u00e4. Mit\u00e4 ev\u00e4steet ovat? Ev\u00e4ste on pieni tekstitiedosto, joka tallennetaan k\u00e4ytt\u00e4j\u00e4n laitteelle. Ev\u00e4steiden avulla sivusto pystyy toimimaan oikein, muistamaan asetuksia ja parantamaan k\u00e4ytt\u00f6kokemusta. Mihin tarkoituksiin sivusto k\u00e4ytt\u00e4\u00e4 ev\u00e4steit\u00e4? Sivusto ei k\u00e4yt\u00e4 omia ev\u00e4steit\u00e4. Sivustolla ei ole analytiikka- tai [&hellip;]<\/p>\n","protected":false},"author":2,"featured_media":0,"parent":0,"menu_order":0,"comment_status":"closed","ping_status":"closed","template":"","meta":{"site-sidebar-layout":"no-sidebar","site-content-layout":"","ast-site-content-layout":"full-width-container","site-content-style":"default","site-sidebar-style":"default","ast-global-header-display":"","ast-banner-title-visibility":"","ast-main-header-display":"","ast-hfb-above-header-display":"","ast-hfb-below-header-display":"","ast-hfb-mobile-header-display":"","site-post-title":"disabled","ast-breadcrumbs-content":"","ast-featured-img":"disabled","footer-sml-layout":"","ast-disable-related-posts":"","theme-transparent-header-meta":"","adv-header-id-meta":"","stick-header-meta":"","header-above-stick-meta":"","header-main-stick-meta":"","header-below-stick-meta":"","astra-migrate-meta-layouts":"default","ast-page-background-enabled":"default","ast-page-background-meta":{"desktop":{"background-color":"var(--ast-global-color-4)","background-image":"","background-repeat":"repeat","background-position":"center center","background-size":"auto","background-attachment":"scroll","background-type":"","background-media":"","overlay-type":"","overlay-color":"","overlay-opacity":"","overlay-gradient":""},"tablet":{"background-color":"","background-image":"","background-repeat":"repeat","background-position":"center center","background-size":"auto","background-attachment":"scroll","background-type":"","background-media":"","overlay-type":"","overlay-color":"","overlay-opacity":"","overlay-gradient":""},"mobile":{"background-color":"","background-image":"","background-repeat":"repeat","background-position":"center center","background-size":"auto","background-attachment":"scroll","background-type":"","background-media":"","overlay-type":"","overlay-color":"","overlay-opacity":"","overlay-gradient":""}},"ast-content-background-meta":{"desktop":{"background-color":"var(--ast-global-color-5)","background-image":"","background-repeat":"repeat","background-position":"center center","background-size":"auto","background-attachment":"scroll","background-type":"","background-media":"","overlay-type":"","overlay-color":"","overlay-opacity":"","overlay-gradient":""},"tablet":{"background-color":"var(--ast-global-color-5)","background-image":"","background-repeat":"repeat","background-position":"center center","background-size":"auto","background-attachment":"scroll","background-type":"","background-media":"","overlay-type":"","overlay-color":"","overlay-opacity":"","overlay-gradient":""},"mobile":{"background-color":"var(--ast-global-color-5)","background-image":"","background-repeat":"repeat","background-position":"center center","background-size":"auto","background-attachment":"scroll","background-type":"","background-media":"","overlay-type":"","overlay-color":"","overlay-opacity":"","overlay-gradient":""}},"footnotes":""},"class_list":["post-8318","page","type-page","status-publish","hentry"],"_links":{"self":[{"href":"https:\/\/thefirma.fi\/index.php?rest_route=\/wp\/v2\/pages\/8318","targetHints":{"allow":["GET"]}}],"collection":[{"href":"https:\/\/thefirma.fi\/index.php?rest_route=\/wp\/v2\/pages"}],"about":[{"href":"https:\/\/thefirma.fi\/index.php?rest_route=\/wp\/v2\/types\/page"}],"author":[{"embeddable":true,"href":"https:\/\/thefirma.fi\/index.php?rest_route=\/wp\/v2\/users\/2"}],"replies":[{"embeddable":true,"href":"https:\/\/thefirma.fi\/index.php?rest_route=%2Fwp%2Fv2%2Fcomments&post=8318"}],"version-history":[{"count":7,"href":"https:\/\/thefirma.fi\/index.php?rest_route=\/wp\/v2\/pages\/8318\/revisions"}],"predecessor-version":[{"id":8352,"href":"https:\/\/thefirma.fi\/index.php?rest_route=\/wp\/v2\/pages\/8318\/revisions\/8352"}],"wp:attachment":[{"href":"https:\/\/thefirma.fi\/index.php?rest_route=%2Fwp%2Fv2%2Fmedia&parent=8318"}],"curies":[{"name":"wp","href":"https:\/\/api.w.org\/{rel}","templated":true}]}}